p + y, 4*v + 48 = 2*p + 2*v. What is the tens digit of p?
2
Let r(s) = 0 + 3*s + 0*s**3 + s**3 + 5*s**2 - 3. Let v(w) = 2*w + 10. Let c be v(-7). What is the units digit of r(c)?
1
Let n = -11 + 7. Let d be ((-5)/n)/((-1)/(-8)). Let k = -4 + d. What is the units digit of k?
6
Let u(i) = -i**3 - 11*i**2 - 11*i - 5. Let r be u(-10). Suppose 3*x - 18 = -r*j, -2*x + j + 4 = -8. What is the units digit of x?
6
Let d(a) = a**3 - 6*a**2 - 5*a - 1. Let m be d(7). Let w = m + -1. What is the tens digit of w?
1
Suppose 4*b = 3*b + 2*l + 48, -b = 5*l - 76. What is the units digit of 1/3 + b/12?
5
Suppose -2*g = -3 - 3. Let o be (26 - 1) + (-1 - 0). Suppose g*t - o = 18. What is the units digit of t?
4
Suppose 2*n = -3*n. Suppose q + 4 = -n. Let z = -3 - q. What is the units digit of z?
1
Let y(u) = 7*u**3 - 4*u + 7. Let i(v) = 8*v**3 - 4*v + 8. Let n(x) = -6*i(x) + 7*y(x). Let k be n(-3). Let w = 21 + k. What is the units digit of w?
7
Let k = -4 + 4. Suppose k = 2*p - 3*c + 2, 2*c + 1 = 5. What is the units digit of p?
2
Suppose -z + 5*z - 278 = -3*b, 0 = -z + 5*b + 58. What is the units digit of z?
8
Let z(j) = j + 6. Let l = -4 + 12. What is the tens digit of z(l)?
1
Let d(q) = -q**2 - 10*q - 12. Let p be d(-9). Let f = p - -7. What is the units digit of f?
4
Suppose 0 = 4*f - 2 - 6. Suppose 4*w = f*a + 18, -4*w - 4*a = -a - 33. What is the units digit of w?
6
Let s = -2 - -5. Let t(d) = d**2 + d. Let g be t(-1). Suppose -s*b = -g*b - 21. What is the units digit of b?
7
What is the tens digit of (-15 + 7 - -9)*7*19?
3
Let h = 41 + -22. Let t = h + -11. What is the units digit of t?
8
Suppose 4*z - 5*s - 522 = 0, -105 + 641 = 4*z + 2*s. What is the tens digit of z?
3
Let z be 3 + 2 + 0 + 2. Let s = 2 - z. Let l(t) = -t - 1. What is the units digit of l(s)?
4
Suppose 3*n - 10 = -2*h, -1 = -4*h + 7. Suppose 2*a + 60 = 3*a. Suppose 3*o - 5*u = a, -81 = -8*o + 3*o + n*u. What is the units digit of o?
5
Suppose 2*t = 571 - 219. What is the hundreds digit of t?
1
Suppose -3*f - 129 + 426 = 0. What is the tens digit of f?
9
Suppose -3*w + 5*w = -z - 3, 5*z + 21 = -4*w. Let p(k) = -k**3 - 4*k**2 - k + 2. Let i be p(z). Suppose -3*r = r - i. What is the units digit of r?
8
Let b be 6/((-2 - 2)/(-2)). Suppose -3*z + 4*j + 22 = -2*z, -b*j + 11 = 2*z. What is the units digit of z?
0
Let o(h) = 5*h + 2*h**3 - 8*h**3 - 4*h + h**2. Let p be o(-1). Let x(a) = a**3 - 7*a**2 + 5*a + 7. What is the units digit of x(p)?
1
Let t = 35 + 15. Suppose -y = -3*y + t. Suppose 0 = -5*j + 3*c - c + 5, 5*j + 2*c = y. What is the units digit of j?
3
Let y(j) = -j**3 + j**2 - 3*j + 1. Let f be y(2). Let s = f - -1. Let k = s + 16. What is the units digit of k?
8
What is the units digit of (54 - -1) + (-19 - -21)?
7
Let z = -4 - 1. Let h = 0 - z. Let b = 11 - h. What is the units digit of b?
6
Let h(f) = f**2 - 6*f - 11. Let l be (-612)/(-78) - 2/(-13). Let w be h(l). Suppose 0 = -w*o + 3 + 67. What is the units digit of o?
4
Suppose 7*d + 60 = 5*d. Let a = -19 - d. What is the units digit of a?
1
Let p = -45 - -90. Let o = p + -31. What is the units digit of o?
4
Let h(m) = 5*m**2 - m**2 - m - 2*m**2 - 4. Let p be h(4). Suppose 0 = -3*z - z + p. What is the units digit of z?
6
Suppose 26 = -3*u + 5*u - 3*b, 0 = 3*u + b - 28. What is the tens digit of u?
1
Suppose 5*i = 590 - 140. What is the units digit of i?
0
Let z(i) = -i + 4. Let s be z(2). What is the units digit of (-106)/(-6) + s/(-3)?
7
What is the units digit of ((-2080)/(-6))/5 + 1/(-3)?
9
Let q be 3 + 6*(1 + -2). Let j = q + 21. What is the tens digit of j?
1
Suppose 358 = h + h - 4*b, 2*h + 5*b - 394 = 0. What is the hundreds digit of h?
1
Let b(j) = -31*j**3 + j**2. What is the tens digit of b(-1)?
3
Suppose 0 = -2*h - 5*o + 323, -2*h - 3*o + 103 + 218 = 0. What is the tens digit of h?
5
Let a be 3/6 + (-63)/(-2). Suppose 4*o = -3*q + 22, -4*q - q = 2*o - a. What is the units digit of q?
6
Suppose 0 = -0*v - v + 42. What is the units digit of v?
2
Let m(c) be the third derivative of c**5/10 + c**3/6 + 2*c**2. What is the tens digit of m(2)?
2
Suppose 3 + 7 = -2*z. What is the units digit of (z + -1 - -3)*-6?
8
Let z(x) = x**2 + 3*x - 2. Suppose -5 = -u + 2*u. What is the units digit of z(u)?
8
Let m = 92 - 85. What is the units digit of m?
7
Suppose -220 = -4*v - v. Suppose 3*b + 0 = 4*w + 8, 0 = -5*b - w + v. Let a = 13 - b. What is the units digit of a?
5
What is the units digit of -3*6/24 + (-742)/(-8)?
2
Let n(x) be the first derivative of x**3 - x**2 - x + 2. Let r be n(-1). Let h(u) = -u**2 + 6*u - 6. What is the units digit of h(r)?
2
Let d = 29 - 18. Let q = -8 + d. What is the units digit of q?
3
Suppose 5*t = 82 - 27. Let k = t - 4. What is the units digit of k?
7
Suppose 0*j - 2*i + 9 = j, 2*j + 2*i - 14 = 0. Let m be ((-4)/6)/((-2)/9). Suppose -4*o = m*y + 2, j*y - 15 = -3*o - 0*o. What is the units digit of y?
6
Suppose 5*a - 133 = 42. What is the tens digit of a?
3
Let j(w) = 28*w**2 - 4*w - 10. What is the units digit of j(-2)?
0
Suppose h = 3*h - 18. Suppose -v - h = -4*v. What is the units digit of v?
3
Let s be (-6)/(-8) + (-30)/(-24). Suppose 3*n - 21 = -3*x, 5*n + s*x - 42 = 4*x. What is the units digit of n?
8
Let n = 22 + 6. Suppose 3*l = -1 + n. What is the units digit of 2 - (l/3 + -2)?
1
Let o = 65 + -19. What is the units digit of o?
6
Let u be (-2)/6 + (-565)/15. Let o = 59 + u. What is the units digit of o?
1
Let i = -7 + 8. Suppose 0 = -w - 3*a + 4*a + i, -2*a + 4 = 0. What is the tens digit of 22 + -3 - w/1?
1
Suppose -2 = o - 202. What is the tens digit of o?
0
Let w(j) = -j**3 - 2*j**2 - j. Let x be w(-2). Suppose 5*v - x*t - 75 = 0, 2*v - 51 = 2*t + 3*t. What is the tens digit of v?
1
Let h(k) be the first derivative of -k**4/2 + k**2 + 3*k + 3. Let b be 40/(-18) - 4/(-18). What is the units digit of h(b)?
5
Suppose 4 - 12 = -g. What is the units digit of g?
8
Let x = 0 - -10. Suppose -2*v + 18 = 5*c, -4*c - 2 = -5*v + x. What is the units digit of c?
2
Let f(v) = v**3 + 5*v**2 + 2. Suppose -2*r - 2 = -2*s, 11 = -5*r + 3*s - 2. What is the units digit of f(r)?
2
Let f(a) = 9*a + 9*a - 5*a - 4 - 6 - a**2. What is the units digit of f(7)?
2
Let q(u) = u**2 + 3*u - 2. Let o be q(-3). Suppose -1 = -5*y - 6. Let t = y - o. What is the units digit of t?
1
Let w be 2*(0 - -2 - 3). Let y be ((w - -1)*-5)/(-1). Let n = 0 - y. What is the units digit of n?
5
Let a(y) = -y**3 - 4*y**2 + 12*y + 14. What is the tens digit of a(-8)?
7
Suppose -1768 = -5*l - 258. What is the units digit of l?
2
Suppose -3*g + 4*g - 2*i - 117 = 0, -4*g + 428 = 2*i. What is the hundreds digit of g?
1
Let u = 5 - -5. Let o = u + -3. Suppose -2*b + 3*t + 11 = 0, -5*b + 4*t + 10 = -o. What is the units digit of b?
1
Let q = 26 - -35. What is the tens digit of q?
6
Let o(k) = 2*k**2 - 6*k - 5. What is the units digit of o(7)?
1
Let g(u) = u**3 + 6*u**2 - 7*u + 2. Let y be g(-7). Suppose 3*d - 4 = y*d. What is the units digit of d?
4
Let u(l) = -2*l**3 - 5*l**2 - l + 4. What is the units digit of u(-4)?
6
Let z be (8/(-6))/((-1)/3). Suppose z*q - 3*q = -j + 10, 5 = -4*q + 5*j. Suppose -q*x + 4 = -16. What is the units digit of x?
4
Let y(d) = d**2 + 9*d + 5. Let z be y(-9). Suppose -o + z = j - 4*j, 5*j = -3*o + 85. What is the units digit of o?
0
Suppose -15 + 48 = j. Let p = 20 + j. What is the units digit of p?
3
Suppose 2 = c - 0. What is the units digit of 0 + 0 - c/(-2)?
1
Let a(w) = w**2 + 6*w + 4. Let f = 11 + -17. What is the units digit of a(f)?
4
Suppose -228 = -3*u - 4*h + 374, -u + h = -196. What is the units digit of u?
8
Let m be 4 - 1 - (7 - 0). Let q be (-6)/21 - m/14. Suppose q = 6*t - 3*t - 33. What is the tens digit of t?
1
Let k(i) = i**2 - 15*i + 18. What is the units digit of k(14)?
4
Suppose 4*y = 4*w + 20, -w + 4*w = 5*y - 23. Suppose -y*n + i = -171, -90 - 51 = -3*n + 5*i. Let o = n - 30. What is the tens digit of o?
1
Let n(m) = m**2 - 4*m - 1. Let z be n(4). Let y = 0 + z. What is the units digit of (y/(1/(-2)))/2?
1
What is the hundreds digit of ((-3153)/12)/(-1) + 24/(-32)?
2
Let d(c) = -19*c + 20. What is the tens digit of d(-5)?
1
Let b be (4/2 - 2)/(-2). Let c = b + 1. What is the units digit of c?
1
Let g(v) = v**3 + 11*v**2 + 11*v + 8. Let f be g(-10). Let c(t) = 2*t**2 + 3*t + 3. Let i 